?
9
Let y(h) = -h - 4. Let i be y(-3). Let c be (4 - i) + 4/(-2). Suppose 0 = -2*g - 3*r + 7, c*r = g - r - 20. What is the units digit of g?
8
What is the tens digit of 12/(-5)*(-165)/6?
6
Let c(z) be the first derivative of -z**2/2 + 3*z + 2. Let y be c(5). What is the tens digit of 1 - (-8 + y + -1)?
1
Let a = -3 + 8. Suppose 2*d + 3*j - 106 = -j, 253 = a*d - 2*j. What is the units digit of d?
1
Let b(l) = -2*l**2 - 3*l**2 + 3*l + 1 + l**2 - 4*l. Let i be b(1). Let x(f) = f**3 + 3*f**2 - 6*f - 2. What is the units digit of x(i)?
6
Let q = -71 + 131. Let u = 126 - q. Suppose -4*l = -u + 18. What is the tens digit of l?
1
What is the units digit of (-2)/((-8)/244) - -1?
2
What is the units digit of 96/(16 - 8) + (-1 - 3)?
8
Let o be ((-2)/(-3))/(8/2004). Suppose 5*f - 2*v - o = 0, 5*v - 127 = -4*f - 0*v. What is the tens digit of f?
3
What is the units digit of 4*(-2)/(-16)*34?
7
Let u = 11 - 1. What is the units digit of u?
0
Let f(j) = 2*j + 52. What is the units digit of f(-12)?
8
Let n(y) = -2*y + y**2 - 8*y**2 - 3*y**3 + 5*y**2 + 1 + 3*y. Let m be n(-2). What is the units digit of 8 + 5/(m/6)?
0
Let z be 21/(-7) - (-309 - -1). What is the tens digit of z/20 + 2/(-8)?
1
Suppose 3*b = 3*p + 15, 0 = 3*b + 3*p + 9 - 54. Suppose 2 = 3*j - b. What is the units digit of j?
4
Let i(h) = -h**3 - 2*h**2 + 3*h + 3. Let w be i(-2). Let y = w + -2. What is the units digit of (-4)/y*(-25)/(-10)?
2
Suppose 0 = -0*v + v. Suppose v*c + 2*c - 50 = 0. What is the units digit of c?
5
Let y(h) = -2*h**3 - 4*h**2 - 2*h + 2. Let r(t) = 2*t + 5. Let c be r(-6). Let u = -9 - c. What is the units digit of y(u)?
6
Let d = 26 - -17. What is the units digit of d?
3
Suppose 0*o = -o. Suppose 22 + 3 = -5*m, 4*k - 4*m - 132 = o. What is the tens digit of k?
2
Let x(o) be the third derivative of o**4/24 - o**3/2 - o**2. Let i be (14/14)/((-2)/(0 + -10)). What is the units digit of x(i)?
2
Suppose 2*m + 116 = 3*i - 0*m, -2*i + 72 = -4*m. What is the units digit of i?
0
What is the tens digit of -4 + 2 + 0 + 70?
6
Let p(o) = -2*o**3 - 5*o**2 + 3*o - 4. Suppose 0 = 5*z + 18 + 2. What is the tens digit of p(z)?
3
Let a(g) = -4*g**3 + g**2 + g + 1. Let n be a(-1). Suppose n = r - 2*u + u, -4*u = 4*r + 12. What is the units digit of r?
1
Suppose 3*i + 35 = x, 6*x - 2*x = -5*i + 225. What is the tens digit of x?
5
Suppose 4*i - h - 40 = 0, -4*h = -4*i - 5*h + 40. What is the units digit of i?
0
Let u = 0 + 4. Let p(b) = b - 3. Let d be p(u). What is the units digit of ((-3)/(-6))/(d/16)?
8
Suppose 5*a - 2 = 3. What is the units digit of a?
1
Let w(q) = q**3 + 7*q**2 - 8*q - 3. Let a be w(-8). What is the units digit of 2*a/(-3)*6?
2
Let n be 17*(1 + 1 + 3). Suppose 5*g = -0*g + n. Let k = g - 9. What is the units digit of k?
8
Suppose -4*f + f + 17 = -5*c, -3*f + 15 = -3*c. Let w = 9 + c. What is the units digit of w?
8
Let v(u) = u**2 - 3*u - 2. Let h be v(-2). Suppose -5*g = 5*s - 105, 0 = -4*g + 4*s + h + 76. What is the tens digit of g?
2
Let v(t) = 3*t**2 + t + 1. Let i(b) = 2*b**2 + 1. Let d(o) = -5*i(o) + 4*v(o). What is the units digit of d(-3)?
5
Let q(o) be the first derivative of -o**4/4 + 2*o**3 + 3*o**2 + 9*o - 3. What is the units digit of q(7)?
2
Let y = -5 + 9. Suppose -y*r + f = -5, -2*r + f + 1 = -4. Let w = r - -3. What is the units digit of w?
3
Let m = -57 - -78. What is the units digit of m?
1
Suppose -5*f = -78 - 172. What is the units digit of f?
0
Suppose 5*k + a = 35, 0*k - 7 = -k + a. What is the units digit of 0/(0 + -1) + k?
7
Suppose 2*a - 7*a - 40 = 0. What is the tens digit of a/28 - 100/(-7)?
1
Suppose k + 0 = 1. Let c be k + 1 + 2 + -18. Let q = -8 - c. What is the units digit of q?
6
Suppose 24 + 0 = 4*w. Suppose 0 = -2*r + w + 2. Suppose -3*y + 28 + 3 = r*v, 5*y + v - 46 = 0. What is the units digit of y?
9
Let x(g) = g**3 + 7*g**2 + 4*g - 6. Let j be x(-6). Let w be 2/4 + 9/j. Let p = w + 6. What is the units digit of p?
8
Suppose 0*i - 77 = -i. What is the tens digit of i?
7
Let u be (-1 + (-1)/(-3))*-3. Suppose u*z - 13 - 1 = 3*p, -4*p - 11 = 5*z. What is the tens digit of (9 - z)*(7 - 5)?
1
Suppose -a + 0 = 2*y - 4, 0 = -y + 5*a + 24. Let s(m) = m**3 + 2*m**2 - 4*m + 3. Let j be s(2). Suppose 21 = y*k - j. What is the units digit of k?
8
Let c(g) = g - 6 + 18 + 2. What is the units digit of c(-6)?
8
Let g = 3 + -4. Let d(n) = -11*n**3 + n**2 - n - 1. What is the tens digit of d(g)?
1
Let m be 95/30 + (-2)/12. Suppose 3*v - 9 = -m. Suppose -v*g + 4*g = 20. What is the tens digit of g?
1
Let p be (-3)/((2/(-1))/10). Suppose 4*i = -5*a + 20, -2*i + 4*a - p = -5*i. Suppose 4*f = 3*l + 48, 5*l - 23 = -i*f + 2. What is the units digit of f?
9
Let n(p) = p**2 + 7*p - 6. Let t be n(-8). Suppose k = -t*k + 12. Suppose 3*m = -2*f - 0*m + 38, 5*m - 74 = -k*f. What is the tens digit of f?
1
Let a(p) = 2*p - 1. What is the units digit of a(8)?
5
Let k(j) = j**2 - 2*j + 3. Let q be k(2). Suppose -6 = -i - 1, -2*x + q*i - 27 = 0. What is the units digit of x/(-15)*(-40)/(-2)?
8
Let h be 1/6 - 15/(-18). Suppose 0*k = k - h. What is the units digit of k?
1
Let d(u) = u - 7. Let h be d(8). Let w be (3/(-5))/h*-5. Suppose -2*r - 2*r - 4*g = 0, -r + 12 = -w*g. What is the units digit of r?
3
Let p(a) = -11*a - 5. Let g(f) = 16*f + 7. Let s = 5 + -10. Let u(b) = s*g(b) - 7*p(b). What is the units digit of u(-2)?
6
Let m(k) = -4*k - 3. Let b be m(-2). Let w = b - 2. Suppose 5*g - 34 = -2*u, 0 = -g + w*u - 0*u. What is the units digit of g?
6
Let f(s) = s + 3. Let z be f(-3). Suppose 3*n = -z*n + 48. What is the tens digit of n?
1
Let o(w) = -2*w + 7. Suppose 3*j = -4*r - 1 + 32, 2*j - 2*r = 2. Let b be o(j). Let i = b - -8. What is the units digit of i?
5
Suppose -17*m = -12*m - 1055. What is the tens digit of m?
1
Let q = -135 + 228. What is the units digit of q?
3
Suppose -6*r - 4*z + 42 = -3*r, 3*r - 45 = -5*z. What is the units digit of r?
0
Suppose 85 = 5*z + 5*x, 4*z + 3*x - 65 = 2*x. What is the tens digit of z?
1
Let q = 10 + -1. What is the units digit of q?
9
Suppose 18*d = 13*d + 1135. What is the units digit of d?
7
Suppose -4*g = -5*g + 2. Suppose 0 = g*u - 1 - 21. What is the units digit of u?
1
Suppose -m = -3*m + 50. Let n be (1 + m)*27/18. Suppose -5*q = -26 - n. What is the tens digit of q?
1
Let l = 128 - -105. What is the units digit of l?
3
Suppose 4*z + 3*v = 404, -v - 1 = 3. Suppose -6*u = -2*u - z. Suppose b - u = -b. What is the units digit of b?
3
Let n(j) = -j**3 - 6*j**2 + 8*j + 3. Let b = -13 + 6. Let x be n(b). What is the tens digit of x/(5/((-90)/4))?
1
Let f(g) = -3*g. Let n be f(-1). What is the units digit of 1 + n/((-6)/(-20))?
1
Suppose 0 = 3*g - 120 + 12. Suppose w = 4*w - g. What is the tens digit of w?
1
Let s be -1*2/(2/5). Let z = 30 + s. What is the tens digit of z?
2
Suppose p - 4*x = 28, -p = 2*x + 5 - 57. What is the units digit of p?
4
What is the tens digit of (-856)/(-32) - (-2)/8?
2
Let b(h) = -4*h + 2. Let i(t) = 9*t - 5. Let p(w) = 5*b(w) + 2*i(w). What is the units digit of p(-2)?
4
Let z = 27 - 20. What is the units digit of z?
7
Let d(i) = i + 7. Let v be d(-3). Suppose -5*h + v*t + 180 = 0, -2*h + 3*t + 69 = 2*t. What is the units digit of h?
2
Suppose 5 + 31 = -4*z. Let y = -8 - z. What is the units digit of y?
1
Let g = 11 - 6. Suppose -k + 0*v + 3*v + 11 = 0, -16 = -g*k + 2*v. Suppose -2 = 2*m, -5*m + 1 = d + k*d. What is the units digit of d?
2
Let y = 9 + -25. Let z = y + 9. Let u(c) = c**2 + 6*c - 1. What is the units digit of u(z)?
6
Let v(i) = 2*i + 4. Let o(h) = -h + 28. Let k be o(0). Suppose 0 = 3*m + 10 - k. What is the tens digit of v(m)?
1
Suppose 2*d = -2*d + 20. Suppose d*v + 7 = -4*q, 0*v = -4*q - v + 5. What is the units digit of q?
2
Suppose 2*b + 9 = 21. What is the units digit of b?
6
Suppose -6*i - 16 = -8*i. Let n = i + -6. Suppose -o + 0*l + 10 = -l, o = n*l + 12. What is the units digit of o?
8
Suppose 4*p - 3*j - 9 = 0, 8 = 2*p - p + 5*j. Let h = p + -1. Suppose 10 = h*m - m. What is the tens digit of m?
1
Let j(w) = -2*w**2 + 2*w + 4. Let y(l) = -l**2 + l + 2. Let o(h) = 2*j(h) - 5*y(h). What is the units digit of o(3)?
4
Suppose -73 = -z - 5*a, -3*a + 8*a = -5*z + 345. What is the tens digit of z?
6
Let g be (4 - 3)/(2/4). Suppose -g*z + 4*z + q = 50, -5*z = -3*q - 103. W